{"id":404,"date":"2018-06-03T06:46:18","date_gmt":"2018-06-03T06:46:18","guid":{"rendered":"http:\/\/anacami.com\/?page_id=404"},"modified":"2026-04-06T21:42:57","modified_gmt":"2026-04-06T21:42:57","slug":"services","status":"publish","type":"page","link":"https:\/\/anacami.com\/?page_id=404","title":{"rendered":"Servicios"},"content":{"rendered":"<div class=\"brz-root__container brz-reset-all brz brz-root__container-page\">\n<section id=\"_GTlouwwFYf\" class=\"brz-section brz-css-jbpg2w\">\n<div class=\"brz-section__content brz-section--boxed brz-css-sed9c5 brz-css-1nm647m\" data-brz-custom-id=\"GGBxVYsQlw\">\n<div class=\"brz-bg\">\n<div class=\"brz-bg-image\"><\/div>\n<div class=\"brz-bg-color\"><\/div>\n<\/div>\n<div class=\"brz-container brz-css-k9mtdg\">\n<div id=\"\" data-brz-iteration-count=\"1\" class=\"brz-css-uwbn40 brz-wrapper brz-animated brz-css-xo7t78 brz-css-pvshyh\" data-animationid=\"JceUpwgUY7\">\n<div class=\"brz-rich-text brz-rich-text__custom brz-css-fqwua9\" data-brz-custom-id=\"CtGJfKVxkD\">\n<div data-brz-translate-text=\"1\">\n<h1 class=\"brz-text-lg-center brz-tp-lg-heading1 brz-mb-lg-0 brz-css-vDvXx\" data-uniq-id=\"vyjty\" data-generated-css=\"brz-css-mfvlc\"><span class=\"brz-cp-color2\">Bocas saludables con Anacami<\/span><\/h1>\n<h1 class=\"brz-text-lg-center brz-tp-lg-heading1 brz-mb-lg-0 brz-css-nhpDF\" data-uniq-id=\"zgsuj\" data-generated-css=\"brz-css-zrhhj\"><span class=\"brz-scp-color7 brz-cp-color8\">Tu cl\u00ednica dental de confianza.<\/span><\/h1>\n<\/div>\n<\/div>\n<\/div>\n<div id=\"\" data-brz-iteration-count=\"1\" class=\"brz-css-uwbn40 brz-css-h468y1 brz-wrapper brz-animated brz-css-1f3eq20 brz-css-1ps1i69\" data-animationid=\"SGWLOEjz7Y\">\n<div class=\"brz-rich-text brz-rich-text__custom brz-css-fqwua9\" data-brz-custom-id=\"RT2wC~zr7M\">\n<div data-brz-translate-text=\"1\">\n<p class=\"brz-mb-xs-10 brz-text-lg-center brz-tp-lg-subtitle brz-mb-lg-20 brz-mt-lg-20 brz-css-ot4G0\" data-uniq-id=\"bkwai\" data-generated-css=\"brz-css-nhmhh\"><strong class=\"brz-cp-color2\">Ofrecemos una amplia gama de servicios para cuidar de sus necesidades dentales, desde limpiezas y ex\u00e1menes de rutina hasta tratamientos de ortodoncia y cirug\u00eda dental avanzada.<\/strong><\/p>\n<p class=\"brz-mb-xs-10 brz-text-lg-center brz-tp-lg-subtitle brz-mb-lg-20 brz-mt-lg-20 brz-css-pgEdI\" data-uniq-id=\"yedhi\" data-generated-css=\"brz-css-ptmdx\"><strong class=\"brz-cp-color2\"> Nuestro equipo de dentistas altamente capacitados y experimentados est\u00e1 dedicado a brindar atenci\u00f3n dental de calidad, utilizando las \u00faltimas tecnolog\u00edas y t\u00e9cnicas para garantizar que nuestros pacientes reciban el mejor tratamiento posible. <\/strong><\/p>\n<\/div>\n<\/div>\n<\/div>\n<div id=\"\" class=\"brz-css-uwbn40 brz-css-1hk3j8d brz-css-1rettlk brz-wrapper\">\n<div class=\"brz-spacer brz-css-1kui6x1\"><\/div>\n<\/div>\n<div id=\"\" class=\"brz-css-uwbn40 brz-css-1hk3j8d brz-css-14edpji brz-wrapper\">\n<div class=\"brz-spacer brz-css-1kui6x1\"><\/div>\n<\/div>\n<\/div>\n<\/div>\n<\/section>\n<section id=\"_uepNPUGscA\" class=\"brz-section brz-css-jbpg2w\">\n<div class=\"brz-section__content brz-section--boxed brz-css-sed9c5 brz-css-oyudch\" data-brz-custom-id=\"dbVYFx1zaM\">\n<div class=\"brz-bg\">\n<div class=\"brz-bg-color\"><\/div>\n<\/div>\n<div class=\"brz-container brz-css-k9mtdg\">\n<div class=\"brz-row__container brz-css-14tsipv\" data-brz-custom-id=\"bvfSBW86rx\">\n<div class=\"brz-bg\"><\/div>\n<div class=\"brz-row brz-css-ud9jwd brz-css-1fd3a5d\">\n<div class=\"brz-columns brz-css-1mfiuzg\" data-brz-custom-id=\"qknNYp~Nkk\">\n<div class=\"brz-bg\"><\/div>\n<div class=\"brz-column__items brz-css-rhaigj\">\n<div id=\"\" class=\"brz-css-uwbn40 brz-wrapper\">\n<div class=\"brz-rich-text brz-rich-text__custom brz-css-fqwua9\" data-brz-custom-id=\"8G8DsYmBls\">\n<div data-brz-translate-text=\"1\">\n<h2 class=\"brz-text-xs-center brz-tp-lg-heading2 brz-css-tDOLb\" data-uniq-id=\"zzpil\" data-generated-css=\"brz-css-lsheu\"><span class=\"brz-cp-color2\">Nuestros servicios<\/span><\/h2>\n<\/div>\n<\/div>\n<\/div>\n<\/div>\n<\/div>\n<div class=\"brz-columns brz-css-1mfiuzg\" data-brz-custom-id=\"H2xRCNPZRW\">\n<div class=\"brz-bg\"><\/div>\n<div class=\"brz-column__items brz-css-rhaigj\">\n<div id=\"\" class=\"brz-css-uwbn40 brz-wrapper\">\n<div class=\"brz-rich-text brz-rich-text__custom brz-css-fqwua9\" data-brz-custom-id=\"gZe4G51WXi\">\n<div data-brz-translate-text=\"1\">\n<p class=\"brz-text-xs-center brz-tp-lg-paragraph brz-css-bBHvc\" data-uniq-id=\"tyfkt\" data-generated-css=\"brz-css-lfgdo\"><span class=\"brz-cp-color7\">En Anacami estamos comprometidos a brindarle una atenci\u00f3n dental de alta calidad y personalizada para satisfacer todas sus necesidades y expectativas. <\/span><\/p>\n<p class=\"brz-text-xs-center brz-tp-lg-paragraph brz-css-rmWcp\" data-uniq-id=\"tyfkt\" data-generated-css=\"brz-css-lfgdo\"><span class=\"brz-cp-color7\"> <\/span><\/p>\n<p class=\"brz-text-xs-center brz-tp-lg-paragraph brz-css-zrcH7\" data-uniq-id=\"ozoru\" data-generated-css=\"brz-css-qxong\"><span class=\"brz-cp-color7\">Aqu\u00ed, algunos de los servicios que ponemos a su disposici\u00f3n: <\/span><\/p>\n<\/div>\n<\/div>\n<\/div>\n<\/div>\n<\/div>\n<\/div>\n<\/div>\n<div id=\"\" class=\"brz-css-uwbn40 brz-css-1hk3j8d brz-css-11nmqia brz-wrapper\">\n<div class=\"brz-spacer brz-css-1kui6x1 brz-css-fw3cxr\"><\/div>\n<\/div>\n<div class=\"brz-row__container brz-css-14tsipv\" data-brz-custom-id=\"waQHXefawm\">\n<div class=\"brz-bg\"><\/div>\n<div class=\"brz-row brz-css-ud9jwd brz-css-1fd3a5d\">\n<div class=\"brz-columns brz-css-1mfiuzg brz-css-1yytjcz\" data-brz-custom-id=\"uhjkn~I~YK\">\n<div class=\"brz-bg\"><\/div>\n<div class=\"brz-column__items brz-css-rhaigj\">\n<div id=\"\" class=\"brz-css-uwbn40 brz-wrapper\">\n<div class=\"brz-icon-text brz-css-1nmnh27\" data-brz-custom-id=\"5uYO6dYcHv\">\n<div class=\"brz-icon__container\" data-brz-custom-id=\"VOc4a4jN_l\"><span class=\"brz-icon brz-span brz-css-3nnn0x brz-css-1topofa\"><\/span><\/div>\n<div class=\"brz-text-btn\">\n<div class=\"brz-rich-text brz-rich-text__custom brz-css-fqwua9\" data-brz-custom-id=\"GOJPoRFPCh\">\n<div data-brz-translate-text=\"1\">\n<p class=\"brz-mt-lg-20 brz-tp-lg-abovetitle brz-mt-xs-20 brz-css-d7_9r\" data-uniq-id=\"mzylx\" data-generated-css=\"brz-css-stsdk\"><span class=\"brz-cp-color7\">LIMPIEZA Y EX\u00c1MEN DE RUTINA<\/span><\/p>\n<\/div>\n<\/div>\n<\/div>\n<\/div>\n<\/div>\n<\/div>\n<\/div>\n<div class=\"brz-columns brz-css-1mfiuzg brz-css-12q4a9t\" data-brz-custom-id=\"keGs46YeJs\">\n<div class=\"brz-bg\"><\/div>\n<div class=\"brz-column__items brz-css-rhaigj\">\n<div id=\"\" class=\"brz-css-uwbn40 brz-wrapper\">\n<div class=\"brz-icon-text brz-css-1nmnh27\" data-brz-custom-id=\"bbeogArPXo\">\n<div class=\"brz-icon__container\" data-brz-custom-id=\"FP5VH1VhEP\"><span class=\"brz-icon brz-span brz-css-3nnn0x brz-css-vtm0lk\"><\/span><\/div>\n<div class=\"brz-text-btn\">\n<div class=\"brz-rich-text brz-rich-text__custom brz-css-fqwua9\" data-brz-custom-id=\"elHYAT7JmP\">\n<div data-brz-translate-text=\"1\">\n<p class=\"brz-mt-xs-20 brz-tp-lg-abovetitle brz-mt-lg-20 brz-css-uaw99\" data-generated-css=\"brz-css-bvpfz\" data-uniq-id=\"verul\"><span class=\"brz-cp-color7\">TRATAMIENTO DE C\u00c1RIES<\/span><\/p>\n<\/div>\n<\/div>\n<\/div>\n<\/div>\n<\/div>\n<\/div>\n<\/div>\n<div class=\"brz-columns brz-css-1mfiuzg brz-css-8usaw1\" data-brz-custom-id=\"L_rYveqoj3\">\n<div class=\"brz-bg\"><\/div>\n<div class=\"brz-column__items brz-css-rhaigj\">\n<div id=\"\" class=\"brz-css-uwbn40 brz-wrapper\">\n<div class=\"brz-icon-text brz-css-1nmnh27\" data-brz-custom-id=\"fSmFs67oJT\">\n<div class=\"brz-icon__container\" data-brz-custom-id=\"DswwnvFmHa\"><span class=\"brz-icon brz-span brz-css-3nnn0x brz-css-1uaurhs\"><\/span><\/div>\n<div class=\"brz-text-btn\">\n<div class=\"brz-rich-text brz-rich-text__custom brz-css-fqwua9\" data-brz-custom-id=\"K4kXrOcMUR\">\n<div data-brz-translate-text=\"1\">\n<p class=\"brz-text-xs-left brz-tp-lg-abovetitle brz-mt-lg-20 brz-mb-xs-0 brz-mt-xs-20 brz-css-hYGWJ\" data-uniq-id=\"zyyyr\" data-generated-css=\"brz-css-rgrwl\"><span class=\"brz-cp-color7\">DIAGN\u00d3STICO MODERNO<\/span><\/p>\n<\/div>\n<\/div>\n<\/div>\n<\/div>\n<\/div>\n<\/div>\n<\/div>\n<\/div>\n<\/div>\n<div id=\"\" class=\"brz-css-uwbn40 brz-css-1hk3j8d brz-css-1j79u4q brz-wrapper\">\n<div class=\"brz-spacer brz-css-1kui6x1 brz-css-fj784c\"><\/div>\n<\/div>\n<div class=\"brz-row__container brz-css-14tsipv\" data-brz-custom-id=\"mq67W8zLdW\">\n<div class=\"brz-bg\"><\/div>\n<div class=\"brz-row brz-css-ud9jwd brz-css-1fd3a5d\">\n<div class=\"brz-columns brz-css-1mfiuzg brz-css-1slym0z\" data-brz-custom-id=\"GixPsQ6llf\">\n<div class=\"brz-bg\"><\/div>\n<div class=\"brz-column__items brz-css-rhaigj\">\n<div id=\"\" class=\"brz-css-uwbn40 brz-wrapper\">\n<div class=\"brz-icon-text brz-css-1nmnh27\" data-brz-custom-id=\"gVzDcwQFcx\">\n<div class=\"brz-icon__container\" data-brz-custom-id=\"LEBOxytBCO\"><span class=\"brz-icon brz-span brz-css-3nnn0x brz-css-k13pt8\"><\/span><\/div>\n<div class=\"brz-text-btn\">\n<div class=\"brz-rich-text brz-rich-text__custom brz-css-fqwua9\" data-brz-custom-id=\"G8cQnUGnaG\">\n<div data-brz-translate-text=\"1\">\n<p class=\"brz-mt-lg-20 brz-tp-lg-abovetitle brz-mt-xs-20 brz-css-yF9EE\" data-uniq-id=\"mujjd\" data-generated-css=\"brz-css-ydstp\"><span class=\"brz-cp-color7\">IMPLANTOLOG\u00cdA<\/span><\/p>\n<\/div>\n<\/div>\n<\/div>\n<\/div>\n<\/div>\n<\/div>\n<\/div>\n<div class=\"brz-columns brz-css-1mfiuzg brz-css-1p4ovxw\" data-brz-custom-id=\"~RwRbaYm6S\">\n<div class=\"brz-bg\"><\/div>\n<div class=\"brz-column__items brz-css-rhaigj\">\n<div id=\"\" class=\"brz-css-uwbn40 brz-wrapper\">\n<div class=\"brz-icon-text brz-css-1nmnh27\" data-brz-custom-id=\"toot1c_ec5\">\n<div class=\"brz-icon__container\" data-brz-custom-id=\"n7pQFirprG\"><span class=\"brz-icon brz-span brz-css-3nnn0x brz-css-p0q758\"><\/span><\/div>\n<div class=\"brz-text-btn\">\n<div class=\"brz-rich-text brz-rich-text__custom brz-css-fqwua9\" data-brz-custom-id=\"xGt6QRvvii\">\n<div data-brz-translate-text=\"1\">\n<p class=\"brz-mt-lg-20 brz-tp-lg-abovetitle brz-mt-xs-20 brz-css-zKdAP\" data-uniq-id=\"usfxs\" data-generated-css=\"brz-css-psbzw\"><span class=\"brz-cp-color7\">BLANQUEAMIENTO<\/span><\/p>\n<\/div>\n<\/div>\n<\/div>\n<\/div>\n<\/div>\n<\/div>\n<\/div>\n<div class=\"brz-columns brz-css-1mfiuzg brz-css-12xfwie\" data-brz-custom-id=\"emQsZbJNnO\">\n<div class=\"brz-bg\"><\/div>\n<div class=\"brz-column__items brz-css-rhaigj\">\n<div id=\"\" class=\"brz-css-uwbn40 brz-wrapper\">\n<div class=\"brz-icon-text brz-css-1nmnh27\" data-brz-custom-id=\"XD5Rv6AwFa\">\n<div class=\"brz-icon__container\" data-brz-custom-id=\"RYFXqSPNmP\"><span class=\"brz-icon brz-span brz-css-3nnn0x brz-css-17q8wmi\"><\/span><\/div>\n<div class=\"brz-text-btn\">\n<div class=\"brz-rich-text brz-rich-text__custom brz-css-fqwua9\" data-brz-custom-id=\"ZHBBwM~E_o\">\n<div data-brz-translate-text=\"1\">\n<p class=\"brz-mt-xs-20 brz-tp-lg-abovetitle brz-mt-lg-20 brz-css-utsfS\" data-generated-css=\"brz-css-kikck\" data-uniq-id=\"wwxtz\"><span class=\"brz-cp-color7\">ODONTOPEDIATR\u00cdA<\/span><\/p>\n<\/div>\n<\/div>\n<\/div>\n<\/div>\n<\/div>\n<\/div>\n<\/div>\n<\/div>\n<\/div>\n<div id=\"\" class=\"brz-css-uwbn40 brz-css-1hk3j8d brz-css-rxv0sk brz-wrapper\">\n<div class=\"brz-spacer brz-css-1kui6x1 brz-css-1f1hxa\"><\/div>\n<\/div>\n<div class=\"brz-row__container brz-css-14tsipv\" data-brz-custom-id=\"Z_SiNYwuRA\">\n<div class=\"brz-bg\"><\/div>\n<div class=\"brz-row brz-css-ud9jwd brz-css-1fd3a5d\">\n<div class=\"brz-columns brz-css-1mfiuzg brz-css-13nmwz5\" data-brz-custom-id=\"JggyzfJ9go\">\n<div class=\"brz-bg\"><\/div>\n<div class=\"brz-column__items brz-css-rhaigj\">\n<div id=\"\" class=\"brz-css-uwbn40 brz-wrapper\">\n<div class=\"brz-icon-text brz-css-1nmnh27\" data-brz-custom-id=\"fh4w_WAdnm\">\n<div class=\"brz-icon__container\" data-brz-custom-id=\"njLj3oXWPB\"><span class=\"brz-icon brz-span brz-css-3nnn0x brz-css-1qkhhq3\"><\/span><\/div>\n<div class=\"brz-text-btn\">\n<div class=\"brz-rich-text brz-rich-text__custom brz-css-fqwua9\" data-brz-custom-id=\"ajfvg4nDFS\">\n<div data-brz-translate-text=\"1\">\n<p class=\"brz-mt-xs-20 brz-tp-lg-abovetitle brz-mt-lg-20 brz-css-iqa2_\" data-generated-css=\"brz-css-giony\" data-uniq-id=\"olzyj\"><span class=\"brz-cp-color7\">EXTRACCIONES Y CIRUG\u00cdA ORAL<\/span><\/p>\n<\/div>\n<\/div>\n<\/div>\n<\/div>\n<\/div>\n<\/div>\n<\/div>\n<div class=\"brz-columns brz-css-1mfiuzg brz-css-4hkbd1\" data-brz-custom-id=\"0maqrwxBom\">\n<div class=\"brz-bg\"><\/div>\n<div class=\"brz-column__items brz-css-rhaigj\">\n<div id=\"\" class=\"brz-css-uwbn40 brz-wrapper\">\n<div class=\"brz-icon-text brz-css-1nmnh27\" data-brz-custom-id=\"RkL24EyJkw\">\n<div class=\"brz-icon__container\" data-brz-custom-id=\"amZOXipzvD\"><span class=\"brz-icon brz-span brz-css-3nnn0x brz-css-13l5vh1\"><\/span><\/div>\n<div class=\"brz-text-btn\">\n<div class=\"brz-rich-text brz-rich-text__custom brz-css-fqwua9\" data-brz-custom-id=\"tuxg~eUnq7\">\n<div data-brz-translate-text=\"1\">\n<p class=\"brz-mt-xs-20 brz-tp-lg-abovetitle brz-mt-lg-20 brz-css-dr9uX\" data-generated-css=\"brz-css-zubss\" data-uniq-id=\"uvtpz\"><span class=\"brz-cp-color7\">REHABILITACI\u00d3N ORAL Y RECONSTRUCCI\u00d3N DENTAL<\/span><\/p>\n<\/div>\n<\/div>\n<\/div>\n<\/div>\n<\/div>\n<\/div>\n<\/div>\n<div class=\"brz-columns brz-css-1mfiuzg brz-css-1vb5cxl\" data-brz-custom-id=\"1_SDjKYpwb\">\n<div class=\"brz-bg\"><\/div>\n<div class=\"brz-column__items brz-css-rhaigj\">\n<div id=\"\" class=\"brz-css-uwbn40 brz-wrapper\">\n<div class=\"brz-icon-text brz-css-1nmnh27\" data-brz-custom-id=\"S_FeUOPDLL\">\n<div class=\"brz-icon__container\" data-brz-custom-id=\"XJJWK7CeVN\"><span class=\"brz-icon brz-span brz-css-3nnn0x brz-css-1n0yax1\"><\/span><\/div>\n<div class=\"brz-text-btn\">\n<div class=\"brz-rich-text brz-rich-text__custom brz-css-fqwua9\" data-brz-custom-id=\"U27C4jpLOo\">\n<div data-brz-translate-text=\"1\">\n<p class=\"brz-mt-xs-20 brz-tp-lg-abovetitle brz-mt-lg-20 brz-css-v2blR\" data-generated-css=\"brz-css-rrosu\" data-uniq-id=\"xrlrm\"><span class=\"brz-cp-color7\">PROFESIONALES ALTAMENTE CUALIFICADOS<\/span><\/p>\n<\/div>\n<\/div>\n<\/div>\n<\/div>\n<\/div>\n<\/div>\n<\/div>\n<\/div>\n<\/div>\n<\/div>\n<\/div>\n<\/section>\n<section id=\"_ecvfklidqqitbzdnphxhhzrcahrjrjcbgspe\" class=\"brz-section brz-css-jbpg2w\">\n<div class=\"brz-section__content brz-section--boxed brz-css-sed9c5 brz-css-1l6h99p\" data-brz-custom-id=\"lbrjlrqanjevtcjdvspevwglmdxhdlbugjfe\">\n<div class=\"brz-bg\">\n<div class=\"brz-bg-color\"><\/div>\n<\/div>\n<div class=\"brz-container brz-css-k9mtdg\">\n<div class=\"brz-row__container brz-css-14tsipv\" data-brz-custom-id=\"kzscxgaawzieqaehgtkvrwwagfwemcgoqgkt\">\n<div class=\"brz-bg\"><\/div>\n<div class=\"brz-row brz-css-ud9jwd brz-css-1fd3a5d\">\n<div class=\"brz-columns brz-css-1mfiuzg brz-css-zeiqx2\" data-brz-custom-id=\"onhcpkelysivniweciglmtrzgsctttgehhec\">\n<div class=\"brz-bg\"><\/div>\n<div class=\"brz-column__items brz-css-rhaigj\">\n<div id=\"\" class=\"brz-css-uwbn40 brz-wrapper\">\n<div class=\"brz-image brz-css-1jt3x36\" data-brz-custom-id=\"xbgWeboMioDd\"><img decoding=\"async\" class=\"brz-img\" src=\"https:\/\/anacami.com\/wp-content\/uploads\/2024\/12\/logos-dic24.png\" alt=\"\" loading=\"lazy\"><\/div>\n<\/div>\n<\/div>\n<\/div>\n<\/div>\n<\/div>\n<div class=\"brz-row__container brz-css-14tsipv\" data-brz-custom-id=\"yurvtggrkwrirbiolbyiplrbtukmqcjnjjpn\">\n<div class=\"brz-bg\"><\/div>\n<div class=\"brz-row brz-css-ud9jwd brz-css-1fd3a5d\">\n<div class=\"brz-columns brz-css-1mfiuzg brz-css-1rm00b7\" data-brz-custom-id=\"etnzgcrtkgqkxhvnzxjtqthptecoeilctfni\">\n<div class=\"brz-bg\"><\/div>\n<div class=\"brz-column__items brz-css-rhaigj\">\n<div id=\"\" class=\"brz-css-uwbn40 brz-wrapper\">\n<div class=\"brz-rich-text brz-rich-text__custom brz-css-fqwua9\" data-brz-custom-id=\"rqwecqtpunlghllxneczpmhzfbmnjstlyicl\">\n<div data-brz-translate-text=\"1\">\n<p class=\"brz-tp-lg-paragraph brz-css-fhdua\" data-uniq-id=\"rqjyj\" data-generated-css=\"brz-css-jhkwp\">\u00a9 2023 Anacami Salud &#8211; Todos los derechos reservados<\/p>\n<\/div>\n<\/div>\n<\/div>\n<\/div>\n<\/div>\n<div class=\"brz-columns brz-css-1mfiuzg brz-css-1f9aqis\" data-brz-custom-id=\"uhvlbevancfdyzumadvzxsubldaoxbkgdynz\">\n<div class=\"brz-bg\"><\/div>\n<div class=\"brz-column__items brz-css-rhaigj\">\n<div id=\"\" class=\"brz-css-uwbn40 brz-wrapper\">\n<div class=\"brz-rich-text brz-rich-text__custom brz-css-fqwua9\" data-brz-custom-id=\"lhteiriruyfttgrvmwkmseguaxqgkeaauqix\">\n<div data-brz-translate-text=\"1\">\n<p class=\"brz-tp-lg-paragraph brz-css-e5ru7\" data-uniq-id=\"rqjyj\" data-generated-css=\"brz-css-jhkwp\">Aviso legal | Privacidad | Cookies<\/p>\n<\/div>\n<\/div>\n<\/div>\n<\/div>\n<\/div>\n<\/div>\n<\/div>\n<\/div>\n<\/div>\n<\/section>\n<\/div>\n<p>    <!-- version:1736980698 --><\/p>\n","protected":false},"excerpt":{"rendered":"<p>Bocas saludables con Anacami Tu cl\u00ednica dental de confianza. Ofrecemos una amplia gama de servicios para cuidar de sus necesidades dentales, desde limpiezas y ex\u00e1menes de rutina hasta tratamientos de [&hellip;]<\/p>\n","protected":false},"author":1,"featured_media":0,"parent":0,"menu_order":0,"comment_status":"closed","ping_status":"closed","template":"page-builder.php","meta":[],"brizy_media":[{"id":930,"url":"https:\/\/anacami.com\/wp-content\/uploads\/2023\/05\/Captura-de-pantalla-2023-05-04-135206.png","name":"Captura-de-pantalla-2023-05-04-135206.png","meta":{"brizy_attachment_uid":"wp-3f5aaf27e7165aae6a3934edd11e2549.png","brizy_post_uid":["7361d78e8e35c4cf94ef472ff7ce6c49"]}},{"id":1436,"url":"https:\/\/anacami.com\/wp-content\/uploads\/2024\/12\/logos-dic24.png","name":"logos-dic24.png","meta":{"brizy_attachment_uid":"wp-cfdaa08dfc901032de47d2805b255d0e.png","brizy_post_uid":["74d518816177aea4949c8e68a6f72932","7361d78e8e35c4cf94ef472ff7ce6c49","588d4b080aa2c5499aa98b6822f307f9","41eb4a9bd2b1e9885c13fd7b123653ae"]}}],"_links":{"self":[{"href":"https:\/\/anacami.com\/index.php?rest_route=\/wp\/v2\/pages\/404"}],"collection":[{"href":"https:\/\/anacami.com\/index.php?rest_route=\/wp\/v2\/pages"}],"about":[{"href":"https:\/\/anacami.com\/index.php?rest_route=\/wp\/v2\/types\/page"}],"author":[{"embeddable":true,"href":"https:\/\/anacami.com\/index.php?rest_route=\/wp\/v2\/users\/1"}],"replies":[{"embeddable":true,"href":"https:\/\/anacami.com\/index.php?rest_route=%2Fwp%2Fv2%2Fcomments&post=404"}],"version-history":[{"count":19,"href":"https:\/\/anacami.com\/index.php?rest_route=\/wp\/v2\/pages\/404\/revisions"}],"predecessor-version":[{"id":1439,"href":"https:\/\/anacami.com\/index.php?rest_route=\/wp\/v2\/pages\/404\/revisions\/1439"}],"wp:attachment":[{"href":"https:\/\/anacami.com\/index.php?rest_route=%2Fwp%2Fv2%2Fmedia&parent=404"}],"curies":[{"name":"wp","href":"https:\/\/api.w.org\/{rel}","templated":true}]}}